 remainder when v(-4) is divided by 32?
30
Let z = 186 + -170. Calculate the remainder when z is divided by 5/((-172)/48 + 4).
4
Let u = -6501 + 6512. Calculate the remainder when 4869 is divided by u.
7
Let k = 52 + 103. Suppose -123*z - 864*z + 34511 + 4625 = 236*z. Calculate the remainder when k is divided by z.
27
What is the remainder when 1186 is divided by (-5)/(-55) + (-26820)/(-220) + 7?
25
Let q be (-9139)/(-74) - (2 + (-3)/2). Suppose -5 = s, -q = -10*b + 6*b - 5*s. What is the remainder when 109 is divided by b?
35
Let o(u) = 345*u + 1477. Suppose -60 = 7*k - 270. What is the remainder when o(-4) is divided by k?
7
Calculate the remainder when (100380/(-112) + 25)*(-16)/10 is divided by 1.
0
Suppose -17*h = -1635 + 139. Suppose 8*q = -0*q + h. What is the remainder when (-4)/(-10) + 426/10 is divided by q?
10
Let u(s) = -13*s + 7. Let l = 24 + 0. Calculate the remainder when u(-3) is divided by l.
22
Suppose 6*n - 246 - 84 = 0. Suppose t - 114 = -5*y - 49, 2*y + 4*t - 8 = 0. Calculate the remainder when n is divided by y.
13
Let w = -2 + 12. Calculate the remainder when (-2)/23 + 3/(-6)*(-76770)/1035 is divided by w.
7
Let r = 7192 - 6519. Calculate the remainder when r is divided by 178.
139
Suppose -2*p = 3*m + 35, -p + 5*m + 1 = 25. Let z(i) = -4*i + i + 42*i**2 + i**3 - 61*i**2 + 38*i**2. What is the remainder when z(p) is divided by 30?
27
Let t = 64 - -117. Let i = 104 + 197. Let o = i - t. Calculate the remainder when o is divided by 25.
20
Let c(o) = -34*o**2 + 6*o - 2. Let i be c(-3). Let h = 348 + i. What is the remainder when 78 is divided by h?
12
Let q = 1515 + -978. Let j = 551 - q. Calculate the remainder when 302 is divided by j.
8
Let v be 221/(-34) - (-1 + (-3)/(-2)). Let y be 226 - -1 - (3 + v). Let j = -114 + y. Calculate the remainder when j is divided by 24.
21
Let s(w) = 11*w - 28*w + 3 - 10*w. What is the remainder when s(-1) is divided by 12?
6
Let a(g) be the first derivative of -g**3/3 + 23*g**2/2 - 35*g - 19. Calculate the remainder when 192 is divided by a(17).
58
Let t(v) = 8*v - 12*v + 72*v**2 + v + 2*v. What is the remainder when t(1) is divided by (-1164)/(-45) + (-2)/(-15)?
19
Suppose 510 = 12*i - 534. Calculate the remainder when 165 is divided by i.
78
Let h = -253 - -255. Calculate the remainder when 26 is divided by 15 + 1 + h - 4.
12
Let v(b) = 87*b - 104. Let t(m) = -m + 3. Let g(i) = 4*t(i) + v(i). What is the remainder when g(3) is divided by 11?
3
What is the remainder when 564 is divided by ((-82)/(-10) - (-3)/(-15)) + 219 + -43?
12
Let i = 472 + -370. What is the remainder when 725 is divided by i?
11
Let s(f) = f**3 + 25*f**2 + 27*f + 95. Calculate the remainder when s(-19) is divided by 159.
158
Suppose -c = -n + 5, -6*n + 5 = -5*n - 2*c. Suppose 0 = 10*a - 199 - 401. What is the remainder when (a/(-24))/(50/(-16) + 3) is divided by n?
0
Let j(m) = -m - 18. Let v = 9 - 22. Let z be j(v). Let s = z + 26. What is the remainder when s is divided by 12?
9
Suppose -142 = -0*k + 2*k. Let s = k + 110. Let z(p) = p**2 + 13*p + 26. What is the remainder when s is divided by z(-12)?
11
Let b(a) = -333*a - 294. What is the remainder when b(-1) is divided by (1 - 4)/3 - -13?
3
Let q(g) = 8*g**2 - 5. What is the remainder when q(4) is divided by -27 + -2 - (-62 - -1)?
27
Let f(z) = 6*z - 69. Let o be f(11). Let q(l) = -54*l - 142. Calculate the remainder when q(o) is divided by 12.
8
Let w(s) = s**3 - 8*s**2 + 5*s - 8. Suppose t = 5*n + 30, 1 = -4*n - 15. What is the remainder when w(8) is divided by t?
2
Let k = 81 - 325. Let x = k - -343. Calculate the remainder when x is divided by 6.
3
Let w = 160 + -25. Suppose 8*m - 121 = w. Suppose m = -2*r + 6*r. What is the remainder when 29 is divided by r?
5
Let q = -94 + 116. Calculate the remainder when 3231 is divided by q.
19
Let x be (3/6)/(0 + (-2)/456). Let v = x - -126. What is the remainder when 31 is divided by v?
7
Let j = -27811 + 31992. What is the remainder when j is divided by 380?
1
Let a = -13738 - -13748. What is the remainder when 10999 is divided by a?
9
Suppose 140*b - 134*b - 30 = 0. Suppose -q + 3*h + 53 = 0, 3*h = -b*q - 2*h + 265. Let u(k) = k. What is the remainder when q is divided by u(7)?
4
Let z = 647 - 937. Let g = z - -330. Suppose 0 = 3*j - 5*p - 37, -2*j = -4*j + 5*p + 28. What is the remainder when g is divided by j?
4
Suppose -3*z + 2*v + 30 = -v, -3*v = 2*z - 10. Let y(i) = 2*i - 5. Calculate the remainder when 53 is divided by y(z).
9
Let k(m) = m**2 - 5*m - 58. What is the remainder when 36 is divided by k(11)?
4
Suppose -5*k + 5*f = -195, 2*f - 4*f = k - 48. Let p be ((-32472)/(-77))/(1/7). Calculate the remainder when p/27*(-6)/(-4) is divided by k.
38
Let i = 188 + -144. What is the remainder when 439 is divided by i?
43
Let g(c) = 15*c - 167. Let f be g(9). Let m(u) = -2*u + 6. Let w be m(6). Let p = w - f. What is the remainder when p is divided by 10?
6
Let r(w) = 43*w + 1263. Calculate the remainder when 419 is divided by r(-26).
129
Let d(t) = -2*t**2 + 20*t - 19. Let y be d(8). Suppose y*f - f = 120. Let q = -3 - -60. Calculate the remainder when q is divided by f.
7
Suppose -346 = 19*f + 129. Let x = f + 28. Suppose 0 = o - 3*s + 4*s - 43, 5*o - 239 = x*s. What is the remainder when 181 is divided by o?
43
Let s = 3446 - 3438. Let i be 1 - (2 - (5 + 1)). Suppose -5*n + 2*n = -i*d + 67, 4*d = 3*n + 56. Calculate the remainder when d is divided by s.
3
Let n(x) = 3*x**2 - 4*x + 9. Let y(c) = -c - 8. Suppose 4*s - 3 = -2*w - 15, -45 = 4*w + s. Let k be y(w). What is the remainder when n(k) is divided by 15?
11
Let b = 4208 - 4106. Calculate the remainder when 122 is divided by b.
20
Suppose 4*m - a - 105 = 0, 433*a = -m + 429*a + 39. Suppose -96 = -r - 0*r. What is the remainder when r is divided by m?
15
Let h(q) = q**2 + q - 22. Let m be h(-8). Suppose -k + m = -4*b, -4*k + 5*b + 150 = -8. Suppose -1 = 2*n - 19. What is the remainder when k is divided by n?
6
Let m be (-957)/(-187) - 4/34. Calculate the remainder when 35/m*(2 - (0 + 1)) is divided by 2.
1
Calculate the remainder when (157 + -145)*87/(-6)*-3 is divided by 48.
42
Suppose -23 - 43 = -4*p - 2*x, -5*p + 85 = 3*x. Suppose -4*g + 4 = 4*o - 48, 3*o - 59 = -5*g. Calculate the remainder when (-4)/14 + 676/p is divided by g.
8
Suppose 11478 = -4*g + 11502, 2*m = -5*g + 334. Calculate the remainder when 1338 is divided by m.
122
Let l(x) = -49*x - 189. Let g(d) = -3*d**2 + 8. Let n be g(4). Let m = 81 + n. Calculate the remainder when m is divided by l(-4).
6
Let y be 6*((-38)/6 - -7). Suppose 49*i - 3915 = y*i. What is the remainder when 177 is divided by i?
3
Let t = -596 - -1093. Suppose 19*x - 898 = 367*i - 371*i, i = -2*x + 87. What is the remainder when t is divided by x?
47
Let j = -5 + 13. Suppose j = n - 3. Suppose -76 = -2*c - 2*f, 2*c + 0*f + f - 80 = 0. Calculate the remainder when c is divided by n.
9
Suppose 2 = -2*g + 2*x, -6*x = 3*g - 7*x + 7. Calculate the remainder when 1/((9/(-201))/g) is divided by (-1)/2 - (-31)/2.
7
Suppose -38*a = 12*a - 700. Let g = 72 + -24. What is the remainder when g is divided by a?
6
Let c = -69 + 37. Let x = c + 35. Suppose -x*t - 2*z + 442 = 0, -4*t = -z - 774 + 192. Calculate the remainder when t is divided by 21.
20
Let b = -4861 + 5025. Calculate the remainder when 522 is divided by b.
30
Let q = 5063 - 3456. What is the remainder when q is divided by 67?
66
Let q = -768 - -772. Calculate the remainder when 1067 is divided by q.
3
Suppose -2*p + 51 - 323 = 0. Let m = p - -147. Calculate the remainder when 314 is divided by m.
6
Suppose x + 4 = 3. Suppose -14*r + 9*r = -5*z + 50, 3 = -r. What is the remainder when (-2)/(-6)*(x - -34) is divided by z?
4
Let p(m) = -2*m**2 + 216*m - 809. Calculate the remainder when 1760 is divided by p(104).
12
Suppose 4*x = -0*x + 300. Suppose -3*t + 2*v = -70, 5*t - 185 + 110 = -5*v. What is the remainder when x is divided by t?
15
Let v = -529 + 582. Calculate the remainder when 15473 is divided by v.
50
Let j(k) be the third derivative of -k**5/60 - 5*k**4/24 + 11*k**3/6 - 2*k**2. What is the remainder when (10/(-8))/(8/(-256)) is divided by j(-5)?
7
Let b(l) = 17*l - 145. Let k = 869 + -851. Calculate the remainder when b(12) is divided by k.
5
Let t(x) = 9*x 